{"id":95,"date":"2017-02-04T17:55:30","date_gmt":"2017-02-04T16:55:30","guid":{"rendered":"http:\/\/saengerberg.de\/?page_id=95"},"modified":"2023-01-13T16:18:05","modified_gmt":"2023-01-13T15:18:05","slug":"veranstaltungen-im-gaestehaus","status":"publish","type":"page","link":"https:\/\/saengerberg.de\/?page_id=95","title":{"rendered":"Veranstaltungen im G\u00e4stehaus"},"content":{"rendered":"<div>Unser G\u00e4stehaus hat einen Raum von 60 qm, der sowohl f\u00fcr Seminare und Tagungen als auch f\u00fcr Feiern geeignet ist.<\/div>\n<div><\/div>\n<h4>Seminare und Tagungen<\/h4>\n<p>Der Wohnraum ist 60 qm gro\u00df und ist\u00a0 sehr geeignet f\u00fcr Seminare, Tagungen und \u00e4hnliches bis ca. 20 Personen. In kleinem Kreis ungest\u00f6rt tagen- zwischendurch in der Natur nachdenken- und sich die Beine vertreten.<br \/>\nF\u00fcr das leibliche Wohl wird auf Wunsch gesorgt.<\/p>\n<div><\/div>\n<h3>Feiern<\/h3>\n<p>Unser Wohnraum ist ideal f\u00fcr Empf\u00e4nge, festliche Essen etc. bis ca. 40 Personen.<\/p>\n<p><img loading=\"lazy\" decoding=\"async\" class=\"size-large wp-image-282 aligncenter\" src=\"http:\/\/saengerberg.de\/wp-content\/uploads\/2017\/02\/G\u00e4stehaus-Raum-gepxt-1-1024x678.jpg\" alt=\"\" width=\"676\" height=\"448\" srcset=\"https:\/\/saengerberg.de\/wp-content\/uploads\/2017\/02\/G\u00e4stehaus-Raum-gepxt-1-1024x678.jpg 1024w, https:\/\/saengerberg.de\/wp-content\/uploads\/2017\/02\/G\u00e4stehaus-Raum-gepxt-1-300x199.jpg 300w, https:\/\/saengerberg.de\/wp-content\/uploads\/2017\/02\/G\u00e4stehaus-Raum-gepxt-1-768x509.jpg 768w, https:\/\/saengerberg.de\/wp-content\/uploads\/2017\/02\/G\u00e4stehaus-Raum-gepxt-1-676x448.jpg 676w, https:\/\/saengerberg.de\/wp-content\/uploads\/2017\/02\/G\u00e4stehaus-Raum-gepxt-1.jpg 1800w\" sizes=\"auto, (max-width: 676px) 100vw, 676px\" \/><span style=\"color: #003300;\"><em><strong>\u00a0\u00a0\u00a0\u00a0\u00a0\u00a0\u00a0\u00a0\u00a0\u00a0\u00a0\u00a0\u00a0\u00a0\u00a0\u00a0\u00a0\u00a0\u00a0\u00a0\u00a0\u00a0\u00a0\u00a0\u00a0\u00a0\u00a0\u00a0\u00a0\u00a0\u00a0\u00a0\u00a0\u00a0\u00a0\u00a0\u00a0\u00a0\u00a0\u00a0\u00a0\u00a0\u00a0\u00a0\u00a0\u00a0\u00a0\u00a0\u00a0\u00a0\u00a0\u00a0\u00a0\u00a0\u00a0\u00a0\u00a0\u00a0\u00a0\u00a0\u00a0\u00a0\u00a0\u00a0\u00a0\u00a0\u00a0\u00a0\u00a0\u00a0\u00a0\u00a0\u00a0\u00a0\u00a0\u00a0\u00a0\u00a0\u00a0\u00a0\u00a0\u00a0\u00a0 Wohnraum zum Feiern<\/strong><\/em><\/span><\/p>\n<p><img loading=\"lazy\" decoding=\"async\" class=\"size-large wp-image-279 aligncenter\" src=\"http:\/\/saengerberg.de\/wp-content\/uploads\/2017\/02\/K\u00fcche-gepxt-1024x678.jpg\" alt=\"\" width=\"676\" height=\"448\" srcset=\"https:\/\/saengerberg.de\/wp-content\/uploads\/2017\/02\/K\u00fcche-gepxt-1024x678.jpg 1024w, https:\/\/saengerberg.de\/wp-content\/uploads\/2017\/02\/K\u00fcche-gepxt-300x199.jpg 300w, https:\/\/saengerberg.de\/wp-content\/uploads\/2017\/02\/K\u00fcche-gepxt-768x509.jpg 768w, https:\/\/saengerberg.de\/wp-content\/uploads\/2017\/02\/K\u00fcche-gepxt-676x448.jpg 676w, https:\/\/saengerberg.de\/wp-content\/uploads\/2017\/02\/K\u00fcche-gepxt.jpg 1800w\" sizes=\"auto, (max-width: 676px) 100vw, 676px\" \/><\/p>\n<p style=\"text-align: center;\"><span style=\"color: #003300;\"><em><strong>\u00a0\u00a0\u00a0\u00a0\u00a0\u00a0\u00a0\u00a0\u00a0\u00a0\u00a0\u00a0\u00a0\u00a0\u00a0\u00a0\u00a0\u00a0\u00a0Wohnk\u00fcche Fr\u00fchst\u00fcck und Buffet<\/strong><\/em><\/span><\/p>\n<p><span style=\"color: #003300;\"><em><strong><img loading=\"lazy\" decoding=\"async\" class=\"size-large wp-image-280 aligncenter\" src=\"http:\/\/saengerberg.de\/wp-content\/uploads\/2017\/02\/K\u00fcche-ganz-gepxt-1-1024x678.jpg\" alt=\"\" width=\"676\" height=\"448\" srcset=\"https:\/\/saengerberg.de\/wp-content\/uploads\/2017\/02\/K\u00fcche-ganz-gepxt-1-1024x678.jpg 1024w, https:\/\/saengerberg.de\/wp-content\/uploads\/2017\/02\/K\u00fcche-ganz-gepxt-1-300x199.jpg 300w, https:\/\/saengerberg.de\/wp-content\/uploads\/2017\/02\/K\u00fcche-ganz-gepxt-1-768x509.jpg 768w, https:\/\/saengerberg.de\/wp-content\/uploads\/2017\/02\/K\u00fcche-ganz-gepxt-1-676x448.jpg 676w, https:\/\/saengerberg.de\/wp-content\/uploads\/2017\/02\/K\u00fcche-ganz-gepxt-1.jpg 1800w\" sizes=\"auto, (max-width: 676px) 100vw, 676px\" \/><\/strong><\/em><\/span><\/p>\n<p><span style=\"color: #003300;\"><strong><em>Wohnk\u00fcche auch zum Kochen geeignet<img loading=\"lazy\" decoding=\"async\" class=\"size-large wp-image-283 alignleft\" src=\"http:\/\/saengerberg.de\/wp-content\/uploads\/2017\/02\/2.-Fr\u00fchst\u00fccksraum-1024x678.jpg\" alt=\"\" width=\"676\" height=\"448\" srcset=\"https:\/\/saengerberg.de\/wp-content\/uploads\/2017\/02\/2.-Fr\u00fchst\u00fccksraum-1024x678.jpg 1024w, https:\/\/saengerberg.de\/wp-content\/uploads\/2017\/02\/2.-Fr\u00fchst\u00fccksraum-300x199.jpg 300w, https:\/\/saengerberg.de\/wp-content\/uploads\/2017\/02\/2.-Fr\u00fchst\u00fccksraum-768x509.jpg 768w, https:\/\/saengerberg.de\/wp-content\/uploads\/2017\/02\/2.-Fr\u00fchst\u00fccksraum-676x448.jpg 676w, https:\/\/saengerberg.de\/wp-content\/uploads\/2017\/02\/2.-Fr\u00fchst\u00fccksraum.jpg 1800w\" sizes=\"auto, (max-width: 676px) 100vw, 676px\" \/><\/em><\/strong><\/span><\/p>\n<p><img loading=\"lazy\" decoding=\"async\" class=\"alignnone size-large wp-image-282\" src=\"http:\/\/saengerberg.de\/wp-content\/uploads\/2017\/02\/G\u00e4stehaus-Raum-gepxt-1-1024x678.jpg\" alt=\"\" width=\"676\" height=\"448\" srcset=\"https:\/\/saengerberg.de\/wp-content\/uploads\/2017\/02\/G\u00e4stehaus-Raum-gepxt-1-1024x678.jpg 1024w, https:\/\/saengerberg.de\/wp-content\/uploads\/2017\/02\/G\u00e4stehaus-Raum-gepxt-1-300x199.jpg 300w, https:\/\/saengerberg.de\/wp-content\/uploads\/2017\/02\/G\u00e4stehaus-Raum-gepxt-1-768x509.jpg 768w, https:\/\/saengerberg.de\/wp-content\/uploads\/2017\/02\/G\u00e4stehaus-Raum-gepxt-1-676x448.jpg 676w, https:\/\/saengerberg.de\/wp-content\/uploads\/2017\/02\/G\u00e4stehaus-Raum-gepxt-1.jpg 1800w\" sizes=\"auto, (max-width: 676px) 100vw, 676px\" \/><\/p>\n","protected":false},"excerpt":{"rendered":"<p>Unser G\u00e4stehaus hat einen Raum von 60 qm, der sowohl f\u00fcr Seminare und Tagungen als auch f\u00fcr Feiern geeignet ist. Seminare und Tagungen Der Wohnraum ist 60 qm gro\u00df und ist\u00a0 sehr geeignet f\u00fcr Seminare, Tagungen und \u00e4hnliches bis ca. 20 Personen. In kleinem Kreis ungest\u00f6rt tagen- zwischendurch in der Natur nachdenken- und sich die [&hellip;]<\/p>\n","protected":false},"author":1,"featured_media":0,"parent":0,"menu_order":0,"comment_status":"closed","ping_status":"closed","template":"","meta":{"footnotes":""},"class_list":["post-95","page","type-page","status-publish","hentry","post-preview"],"_links":{"self":[{"href":"https:\/\/saengerberg.de\/index.php?rest_route=\/wp\/v2\/pages\/95","targetHints":{"allow":["GET"]}}],"collection":[{"href":"https:\/\/saengerberg.de\/index.php?rest_route=\/wp\/v2\/pages"}],"about":[{"href":"https:\/\/saengerberg.de\/index.php?rest_route=\/wp\/v2\/types\/page"}],"author":[{"embeddable":true,"href":"https:\/\/saengerberg.de\/index.php?rest_route=\/wp\/v2\/users\/1"}],"replies":[{"embeddable":true,"href":"https:\/\/saengerberg.de\/index.php?rest_route=%2Fwp%2Fv2%2Fcomments&post=95"}],"version-history":[{"count":6,"href":"https:\/\/saengerberg.de\/index.php?rest_route=\/wp\/v2\/pages\/95\/revisions"}],"predecessor-version":[{"id":492,"href":"https:\/\/saengerberg.de\/index.php?rest_route=\/wp\/v2\/pages\/95\/revisions\/492"}],"wp:attachment":[{"href":"https:\/\/saengerberg.de\/index.php?rest_route=%2Fwp%2Fv2%2Fmedia&parent=95"}],"curies":[{"name":"wp","href":"https:\/\/api.w.org\/{rel}","templated":true}]}}

Veranstaltungen im Gästehaus

<div>Unser Gästehaus hat einen Raum von 60 qm, der sowohl für Seminare und Tagungen als auch für Feiern geeignet ist.</div>
<div></div>
<h4>Seminare und Tagungen</h4>
<p>Der Wohnraum ist 60 qm groß und ist  sehr geeignet für Seminare, Tagungen und ähnliches bis ca. 20 Personen. In kleinem Kreis ungestört tagen- zwischendurch in der Natur nachdenken- und sich die Beine vertreten.<br />
Für das leibliche Wohl wird auf Wunsch gesorgt.</p>
<div></div>
<h3>Feiern</h3>
<p>Unser Wohnraum ist ideal für Empfänge, festliche Essen etc. bis ca. 40 Personen.</p>
<p><img loading="lazy" decoding="async" class="size-large wp-image-282 aligncenter" src="http://saengerberg.de/wp-content/uploads/2017/02/Gästehaus-Raum-gepxt-1-1024x678.jpg" alt="" width="676" height="448" srcset="https://saengerberg.de/wp-content/uploads/2017/02/Gästehaus-Raum-gepxt-1-1024x678.jpg 1024w, https://saengerberg.de/wp-content/uploads/2017/02/Gästehaus-Raum-gepxt-1-300x199.jpg 300w, https://saengerberg.de/wp-content/uploads/2017/02/Gästehaus-Raum-gepxt-1-768x509.jpg 768w, https://saengerberg.de/wp-content/uploads/2017/02/Gästehaus-Raum-gepxt-1-676x448.jpg 676w, https://saengerberg.de/wp-content/uploads/2017/02/Gästehaus-Raum-gepxt-1.jpg 1800w" sizes="auto, (max-width: 676px) 100vw, 676px" /><span style="color: #003300;"><em><strong>                                                                                    Wohnraum zum Feiern</strong></em></span></p>
<p><img loading="lazy" decoding="async" class="size-large wp-image-279 aligncenter" src="http://saengerberg.de/wp-content/uploads/2017/02/Küche-gepxt-1024x678.jpg" alt="" width="676" height="448" srcset="https://saengerberg.de/wp-content/uploads/2017/02/Küche-gepxt-1024x678.jpg 1024w, https://saengerberg.de/wp-content/uploads/2017/02/Küche-gepxt-300x199.jpg 300w, https://saengerberg.de/wp-content/uploads/2017/02/Küche-gepxt-768x509.jpg 768w, https://saengerberg.de/wp-content/uploads/2017/02/Küche-gepxt-676x448.jpg 676w, https://saengerberg.de/wp-content/uploads/2017/02/Küche-gepxt.jpg 1800w" sizes="auto, (max-width: 676px) 100vw, 676px" /></p>
<p style="text-align: center;"><span style="color: #003300;"><em><strong>                   Wohnküche Frühstück und Buffet</strong></em></span></p>
<p><span style="color: #003300;"><em><strong><img loading="lazy" decoding="async" class="size-large wp-image-280 aligncenter" src="http://saengerberg.de/wp-content/uploads/2017/02/Küche-ganz-gepxt-1-1024x678.jpg" alt="" width="676" height="448" srcset="https://saengerberg.de/wp-content/uploads/2017/02/Küche-ganz-gepxt-1-1024x678.jpg 1024w, https://saengerberg.de/wp-content/uploads/2017/02/Küche-ganz-gepxt-1-300x199.jpg 300w, https://saengerberg.de/wp-content/uploads/2017/02/Küche-ganz-gepxt-1-768x509.jpg 768w, https://saengerberg.de/wp-content/uploads/2017/02/Küche-ganz-gepxt-1-676x448.jpg 676w, https://saengerberg.de/wp-content/uploads/2017/02/Küche-ganz-gepxt-1.jpg 1800w" sizes="auto, (max-width: 676px) 100vw, 676px" /></strong></em></span></p>
<p><span style="color: #003300;"><strong><em>Wohnküche auch zum Kochen geeignet<img loading="lazy" decoding="async" class="size-large wp-image-283 alignleft" src="http://saengerberg.de/wp-content/uploads/2017/02/2.-Frühstücksraum-1024x678.jpg" alt="" width="676" height="448" srcset="https://saengerberg.de/wp-content/uploads/2017/02/2.-Frühstücksraum-1024x678.jpg 1024w, https://saengerberg.de/wp-content/uploads/2017/02/2.-Frühstücksraum-300x199.jpg 300w, https://saengerberg.de/wp-content/uploads/2017/02/2.-Frühstücksraum-768x509.jpg 768w, https://saengerberg.de/wp-content/uploads/2017/02/2.-Frühstücksraum-676x448.jpg 676w, https://saengerberg.de/wp-content/uploads/2017/02/2.-Frühstücksraum.jpg 1800w" sizes="auto, (max-width: 676px) 100vw, 676px" /></em></strong></span></p>
<p><img loading="lazy" decoding="async" class="alignnone size-large wp-image-282" src="http://saengerberg.de/wp-content/uploads/2017/02/Gästehaus-Raum-gepxt-1-1024x678.jpg" alt="" width="676" height="448" srcset="https://saengerberg.de/wp-content/uploads/2017/02/Gästehaus-Raum-gepxt-1-1024x678.jpg 1024w, https://saengerberg.de/wp-content/uploads/2017/02/Gästehaus-Raum-gepxt-1-300x199.jpg 300w, https://saengerberg.de/wp-content/uploads/2017/02/Gästehaus-Raum-gepxt-1-768x509.jpg 768w, https://saengerberg.de/wp-content/uploads/2017/02/Gästehaus-Raum-gepxt-1-676x448.jpg 676w, https://saengerberg.de/wp-content/uploads/2017/02/Gästehaus-Raum-gepxt-1.jpg 1800w" sizes="auto, (max-width: 676px) 100vw, 676px" /></p>

<p>Unser Gästehaus hat einen Raum von 60 qm, der sowohl für Seminare und Tagungen als auch für Feiern geeignet ist. Seminare und Tagungen Der Wohnraum ist 60 qm groß und ist  sehr geeignet für Seminare, Tagungen und ähnliches bis ca. 20 Personen. In kleinem Kreis ungestört tagen- zwischendurch in der Natur nachdenken- und sich die [&hellip;]</p>
