{"id":91,"date":"2017-02-04T17:49:27","date_gmt":"2017-02-04T16:49:27","guid":{"rendered":"http:\/\/saengerberg.de\/?page_id=91"},"modified":"2017-02-04T18:54:51","modified_gmt":"2017-02-04T17:54:51","slug":"was-wir-ihnen-bieten","status":"publish","type":"page","link":"https:\/\/saengerberg.de\/?page_id=91","title":{"rendered":"Was wir Ihnen bieten"},"content":{"rendered":"<p>Das private Landhaus bietet nun seit ca. 15 Jahren (letzte Renovierung 2014) so manchen G\u00e4sten ein Bett zum \u00fcbernachten oder die M\u00f6glichkeit in kleiner oder gro\u00dfer Rund zu feiern. Ich danke allen unseren G\u00e4stern sehr herzlich, die hier gewohnt und gefeiert haben!<\/p>\n<p>Das G\u00e4stehaus liegt in Trittau am Rande des Forstes Hahnheide in herrlicher Natur und Ruhe. Trittau ist ca. 35 km von Hamburg, sowie von L\u00fcbeck entfernt und ist sowohl von der A1 Hamburg-L\u00fcbeck, wie von der A24 Hamburg-Berlin schnell zu erreichen.<\/p>\n<p>Das G\u00e4stehaus befindet sich in der Mitte des um 1900 gebauten und Ende der neunziger Jahre renovierten S\u00e4ngerhofes, der eine lange Familiengeschichte hat.<\/p>\n<p>Der Blick aus einem Schlafzimmer geht \u00fcber den Hof, auf die ehemaligen St\u00e4lle, das heutige Wohnhaus und die alte Scheune, die heute im Sommer f\u00fcr jegliche Art von Festen zwischen 30 und 80 Personen gemietet werden kann.<\/p>\n<p><img loading=\"lazy\" decoding=\"async\" class=\"aligncenter wp-image-16\" src=\"http:\/\/saengerberg.de\/wp-content\/uploads\/2017\/02\/hof2-1024x768.jpg\" width=\"500\" height=\"375\" \/><\/p>\n<p>In der gro\u00dfen gem\u00fctlichen Wohnk\u00fcche oder im angrenzenden Fr\u00fchst\u00fccksraum wird das Fr\u00fchst\u00fcck f\u00fcr jeden Geschmack und nach Ihren W\u00fcnschen zubereitet.<\/p>\n<p><img loading=\"lazy\" decoding=\"async\" class=\"aligncenter wp-image-18\" src=\"http:\/\/saengerberg.de\/wp-content\/uploads\/2017\/02\/kueche.jpg\" width=\"500\" height=\"375\" \/><\/p>\n<p>F\u00fcr Unternehmungslustige hat die Umgebung einiges zu bieten. Direkt hinter dem Haus beginnt der Staatsforst Hahnheide, hier k\u00f6nnen Sie joggen oder walken gehen oder auch einen langen Spaziergang unternehmen. Fahrr\u00e4der zum Erkunden des Kreises Stormarn k\u00f6nnen bei uns geliehen werden.<br \/>\nFalls Sie Sport treiben m\u00f6chten: Trittau bietet diverse Tennispl\u00e4tze und ein Freibad, viele Golfpl\u00e4tze sind zwischen 10 und 45 Minuten zu erreichen.<\/p>\n<p>Wenn Sie Interessantes zur Trittauer Geschichte lesen m\u00f6chten, klicken Sie <a href=\"http:\/\/www.trittauer-stiftung.de\/\" target=\"_blank\"><u><span style=\"color: #0066cc;\">hier<\/span><\/u><\/a><br \/>\n<u><span style=\"color: #0066cc;\"><br \/>\n<\/span><\/u> Oder fragen Sie uns einfach, wir helfen Ihnen gerne weiter!<\/p>\n","protected":false},"excerpt":{"rendered":"<p>Das private Landhaus bietet nun seit ca. 15 Jahren (letzte Renovierung 2014) so manchen G\u00e4sten ein Bett zum \u00fcbernachten oder die M\u00f6glichkeit in kleiner oder gro\u00dfer Rund zu feiern. Ich danke allen unseren G\u00e4stern sehr herzlich, die hier gewohnt und gefeiert haben! Das G\u00e4stehaus liegt in Trittau am Rande des Forstes Hahnheide in herrlicher Natur [&hellip;]<\/p>\n","protected":false},"author":1,"featured_media":0,"parent":0,"menu_order":0,"comment_status":"closed","ping_status":"closed","template":"","meta":{"footnotes":""},"class_list":["post-91","page","type-page","status-publish","hentry","post-preview"],"_links":{"self":[{"href":"https:\/\/saengerberg.de\/index.php?rest_route=\/wp\/v2\/pages\/91","targetHints":{"allow":["GET"]}}],"collection":[{"href":"https:\/\/saengerberg.de\/index.php?rest_route=\/wp\/v2\/pages"}],"about":[{"href":"https:\/\/saengerberg.de\/index.php?rest_route=\/wp\/v2\/types\/page"}],"author":[{"embeddable":true,"href":"https:\/\/saengerberg.de\/index.php?rest_route=\/wp\/v2\/users\/1"}],"replies":[{"embeddable":true,"href":"https:\/\/saengerberg.de\/index.php?rest_route=%2Fwp%2Fv2%2Fcomments&post=91"}],"version-history":[{"count":6,"href":"https:\/\/saengerberg.de\/index.php?rest_route=\/wp\/v2\/pages\/91\/revisions"}],"predecessor-version":[{"id":288,"href":"https:\/\/saengerberg.de\/index.php?rest_route=\/wp\/v2\/pages\/91\/revisions\/288"}],"wp:attachment":[{"href":"https:\/\/saengerberg.de\/index.php?rest_route=%2Fwp%2Fv2%2Fmedia&parent=91"}],"curies":[{"name":"wp","href":"https:\/\/api.w.org\/{rel}","templated":true}]}}